he remainder when m is divided by z.
10
Let m = -4 + 10. Suppose -104 = -3*n - 14. Suppose 21 = 3*j - n. What is the remainder when j is divided by m?
5
Calculate the remainder when 14 is divided by 2/(-9) - (-228)/54.
2
Let n(c) = 3*c**2 - 26*c - 13. Calculate the remainder when 189 is divided by n(11).
61
Let p = -6 + 5. Let v be (p/2)/((-2)/12). Calculate the remainder when 42 is divided by v + (1 + 18 - 0).
20
Let d be (-2)/(-13) - 201/39. Let y = 10 + d. Suppose -s = -y - 1. Calculate the remainder when 21 is divided by s.
3
Let c(a) = -6*a. What is the remainder when 9 is divided by c(-1)?
3
Suppose 0 = -5*a + 3*b + 187, 5*a - 31*b - 192 = -33*b. Suppose 4*y + 3*k - 48 = 4, 39 = 3*y - 5*k. Calculate the remainder when a is divided by y.
12
Suppose -3*o - 2*o = -25. Suppose -3*i + 4*b = -141, 2*i - 2*b - o = 89. Calculate the remainder when i is divided by 16.
15
Let f(i) = -i**3 - 2*i**2 + i. Let o be f(-3). Suppose 2*z - d + o = d, z = 3*d - 13. Calculate the remainder when 7 is divided by z.
1
Let n = 3 - 1. Calculate the remainder when (-3522)/(-54) - n/9 is divided by 17.
14
Calculate the remainder when (-10)/(1 - (-5)/(-3)) is divided by 8.
7
Calculate the remainder when 14/(-8) - -2 - 2905/(-28) is divided by 21.
20
What is the remainder when 1/(16/(-17) + 1) is divided by 5?
2
Let s be 4/(-18) + (-200)/(-90). Suppose 3*o - 21 = -5*y, -y - 7 = o - s*o. What is the remainder when o is divided by 4?
3
Calculate the remainder when -1*3 - (2048/4)/(-4) is divided by 32.
29
Let n(x) = 5*x**2 + 6*x + 6. Let k(f) = -f**3 - f**2 + f + 21. What is the remainder when n(-4) is divided by k(0)?
20
Suppose -23 = -k + 5*h, -3*h + 15 = 4*k - k. What is the remainder when 19 is divided by k?
3
Suppose 3*a + 4 = 52. Suppose 2*b - 3*b + a = u, 0 = -2*b + u + 17. Calculate the remainder when 30 is divided by b.
8
Let f be (2/(-3))/(12/(-198)). Suppose -4*c + 21 = -f. What is the remainder when 23 is divided by c?
7
Let u = 140 - 82. Suppose 4*m - u = -2*a, -5*m - 11 = a - 40. What is the remainder when a is divided by 1/4 - (-117)/12?
9
Let l = -42 + 92. Suppose -5*w + 122 - 37 = 5*h, -51 = -3*w - 2*h. What is the remainder when l is divided by w?
16
Suppose 23*l - 20*l = 66. What is the remainder when 60 is divided by l?
16
Suppose 0*g = -5*g + 2*s + 229, g - 5*s - 55 = 0. Let z = g - 25. Suppose 2*f + 2 - z = 0. What is the remainder when 26 is divided by f?
8
Suppose -36 = -3*x - 9. Let o be 3/((-6)/2)*1. Let u = o + x. Calculate the remainder when u is divided by 3.
2
Suppose 0 = -2*a + 5*a - 15. Suppose d = 5*b - d - 148, 4*b + a*d - 125 = 0. Calculate the remainder when b is divided by (1 + -3)*22/(-4).
8
Let n be (4/(-8))/(1/2). Let z = n + 7. Calculate the remainder when z is divided by 4.
2
Let v(a) = -2*a - 5. Let o(j) = j - 1. Let w(b) = 4*o(b) - v(b). Calculate the remainder when 35 is divided by w(3).
16
Let x(w) = 3*w + 3*w - 2 - 13. Suppose 0 = 3*v - 65 + 2. Calculate the remainder when x(16) is divided by v.
18
Let c(p) = 8*p - 1. Suppose f + 4 = 0, 2*z - 4*f - 32 = z. What is the remainder when c(4) is divided by z?
15
Let q = 45 + -20. Suppose 13 - 55 = -6*f. Calculate the remainder when q is divided by f.
4
Suppose 0 = -5*n + 4*n - 5*s + 28, 5*s = 25. Let x = n + 4. Suppose b - 120 = -5*b. What is the remainder when b is divided by x?
6
Suppose -6*g + 4*g + 4 = 5*h, -g + 15 = -4*h. Let m(z) = 3*z**3 - 2*z**2 + 2. What is the remainder when m(2) is divided by g?
4
Let c = 36 - 22. Let s be 0 + (-1)/((-2)/224). Suppose 0 = -5*w + 18 + s. Calculate the remainder when w is divided by c.
12
Calculate the remainder when 135 is divided by (-15)/10*(-204)/9.
33
Suppose 2*y + 16 = -5*t, -2 = -y + 3*t + 1. Let x = y + 3. Suppose x*z - 2*z = -34. What is the remainder when z is divided by 9?
8
Let b(u) = 5*u - 13. Calculate the remainder when 13 is divided by b(4).
6
Let c(y) = 2*y**2 + y - 7. Calculate the remainder when c(3) is divided by 3.
2
Suppose -4*o + 36 = -w + 5*w, -5*w + 4*o + 27 = 0. What is the remainder when 18 is divided by w?
4
Suppose -4*l - 3*f = -27 - 223, 0 = 2*l + 4*f - 130. Calculate the remainder when l is divided by 8/((-2)/(12/(-3))).
13
Let q(x) = x**2 - 10*x + 1. Let i be q(11). Suppose i*v + 46 = 14*v. What is the remainder when v is divided by 13?
10
Let z(a) = -a. Let b be z(8). Let p(k) = -k**2 - 9*k + 3. Let t(f) = 2*f**2 - 10*f + 8. Calculate the remainder when t(6) is divided by p(b).
9
Suppose 3*o + 128 = 5*c, -c + 5*o - 120 = -6*c. Calculate the remainder when c is divided by 9.
7
Suppose 5*f - l = 2*f + 104, -3*l - 6 = 0. What is the remainder when f is divided by 9?
7
Suppose 0 = 3*f + 5*g - 15, -4 - 21 = -5*f + 4*g. Let j = -4 + f. Suppose -2*n + j + 1 = 0. Calculate the remainder when 1 is divided by n.
0
Let y = 20 + -6. What is the remainder when 26 is divided by y?
12
Let c(p) = 25*p**2. Suppose -5*m + 3 + 14 = -z, m - 13 = 5*z. Let l = -2 + m. Calculate the remainder when c(l) is divided by 9.
7
Let j = 13 - 8. Let f = j - 1. Calculate the remainder when 40 is divided by (-8)/f - (1 + -17).
12
Let v be 1 + 4 + -3 - 0. What is the remainder when 4/v*(2 - -24) is divided by 18?
16
Let j be (2 - 0)*(2 - 3). Let x = -26 + 41. Let u = x + j. What is the remainder when u is divided by 7?
6
Let o(t) be the third derivative of -t**7/5040 + t**5/15 + t**2. Let m(k) be the third derivative of o(k). Calculate the remainder when m(-2) is divided by 1.
0
Let b be 2/11 - 696/(-44). Suppose m + m = b. What is the remainder when 13 is divided by m?
5
Suppose 30 = 6*p - 3*p. Suppose -10*q + 39 = 3*q. Calculate the remainder when p is divided by q.
1
Let m(y) = 18*y**2 + 3*y + 1. Calculate the remainder when m(-2) is divided by 23.
21
Let k = 13 + 17. Suppose -25 = -5*y, -6*q + q - 2*y + k = 0. Calculate the remainder when q is divided by 2.
0
Suppose -5*t + 22 = 2. Suppose t*y - 81 = 4*f - 213, 186 = 5*f + 2*y. Calculate the remainder when f is divided by 13.
10
Suppose -2*h = 5*f - 114, 5*h + 47 = 6*h + 5*f. What is the remainder when h is divided by 10?
7
Let t(l) = -l**2 + 3*l + 10. Suppose -3*r - 1 = -10. Calculate the remainder when t(4) is divided by r.
0
Suppose 3*m - 4*m = 0. Let q(y) = y**3 - y**2 - 1. Let f be q(1). What is the remainder when m + (33 - (f - -2)) is divided by 11?
10
Let d be 12/7 + (-12)/(-42). Calculate the remainder when 47 is divided by (-50)/(-2) + d + -3.
23
Calculate the remainder when 2 is divided by (12/18)/(8/12).
0
Let z = -11 + 66. Calculate the remainder when z is divided by 15.
10
Let q = -11 + 14. What is the remainder when 6 is divided by q?
0
Let j(i) = -i**2 - 8*i - 2. Let s be j(-7). Calculate the remainder when 6 - ((-8)/(-4) + -2) is divided by (s - (1 + -1)) + -1.
2
Suppose -5*p + 29 = -6. What is the remainder when p is divided by 5?
2
Suppose 4*h - y + 233 = 0, -4*y = 2*h - 3*h - 62. Let z = h + 37. Let m = z + 34. What is the remainder when 24 is divided by m?
11
Let x(y) = y**3 - 3*y**2 + y - 5. Let d be x(4). Suppose -4*n + 4*a = 2*a - 94, -5*a - d = 0. Calculate the remainder when 64 is divided by n.
20
Let s(v) = v + 5. Let q be s(0). Suppose n = q*n - 84. Calculate the remainder when n is divided by 11.
10
Suppose 75 = -4*h - 6*k + k, -h + 3*k - 23 = 0. Let m = 85 + h. What is the remainder when m is divided by 22?
21
Let w = -16 - -54. Let b = w + -11. Calculate the remainder when b is divided by 2/8 - 275/(-20).
13
Let j = -56 - -81. Suppose 41 = 3*f + 5*m, -2*m + 23 = 2*f + 1. Suppose f*q - 3*q = 36. Calculate the remainder when j is divided by q.
7
Suppose -2 = a - 3*k + 6, 3*k - 20 = -2*a. Calculate the remainder when 5 is divided by a.
1
Let t = 13 - 11. Suppose -9 = -4*c + 3. What is the remainder when c is divided by t?
1
Suppose 2*d - 7 = -h + 6, -d - h = -4. What is the remainder when 34 is divided by d?
7
Let q be (-4)/14 + (-9)/(-7). What is the remainder when (159/12)/((-3)/(-12)) is divided by (q + (-10)/4)*-12?
17
Let f be -2 + 4*1 + -3. What is the remainder when (-8)/((-7)/(35/2)) is divided by (1/(-3))/(f/21)?
6
Let a = 29 - 17. What is the remainder when 34 is divided by a?
10
Let w(i) be the second derivative of i**3/6 - 3*i**2 - 3*i. Let f be w(8). Suppose -r + f = -11. Calculate the remainder when r is divided by 8.
5
Suppose 5*t - 18